Determine v(c).
-1
Let u(i) = -18*i + i**3 - 8 + i**2 + i**2 - i**2 + 17*i. Let j = -24 + 36. Suppose -f = 3*t - j, 0*f + 4 = f + t. Calculate u(f).
-8
Suppose 9*l - 31 = 4*l - 3*g, -2*l + 2*g = -6. Let a(f) = 4*f - 2. Determine a(l).
18
Let x = 0 + 14. Let p(r) = -2*r**2 + x - 22 + 3*r**2. Give p(0).
-8
Let o(k) = -13*k**2 - 31*k + 43. Let m(v) = 7*v**2 + 16*v - 22. Let z(b) = 11*m(b) + 6*o(b). What is z(-11)?
5
Let r(b) = b**3 - 6*b**2 - 7*b - 5. Let g be 1/3*42/2. Let d be r(g). Let v(o) = -o**2 - 3*o + 1. Determine v(d).
-9
Let j(s) = 2*s + 5. Let c be (-10)/4*24/(-15). Suppose n - 9 = -2*x, 6*n - c = 2*n. Calculate j(x).
13
Let o(j) = -j**3 - 7*j**2 - j - 9. Suppose -4 = 5*x + 5*u + 11, -5*x - 27 = 2*u. What is o(x)?
-2
Suppose -2 = -5*d + 18. Suppose d = -2*m, 5*i - 6 = -0*m + 3*m. Suppose i*l + 5 = 5*l. Let n(b) = -5*b**2 - 2*b + 1. Calculate n(l).
-6
Let b(n) be the second derivative of -n**8/1120 + n**7/1260 - n**6/720 - n**4/3 + 8*n. Let c(g) be the third derivative of b(g). Give c(1).
-5
Let g(c) = -c**2 + 35*c - 13. Let d be g(35). Let o(t) = t**2 + 12*t - 7. Give o(d).
6
Suppose -b - 12 = -5*b. Let h(a) = 0*a + 4*a + 0 + 3 + a**3 + b*a**2 - a. What is h(-3)?
-6
Let c = 1 + 2. Suppose 6*h - 2*h = -2*g - 8, 18 = -4*h + c*g. Let w(j) = j**2 - 5 - 3 + j + 11. Calculate w(h).
9
Let d(m) be the third derivative of 0*m - 1/6*m**3 + 0 + m**2 + 1/12*m**4. Determine d(-2).
-5
Suppose -2*t + 0*t + 10 = 0. Suppose t*r = 4*r + 5. Let p = -8 + r. Let w(y) = -y**2 - 3*y. Calculate w(p).
0
Let g(l) = -l**2 + 2*l + 4. Let s(x) = 8*x - 4. Let b be s(6). Let k be 4/(-10) + b/10. Give g(k).
-4
Let v(l) = -2*l**2 - 3*l + 1. Let g be 26/(-10) + 20/(-50). Calculate v(g).
-8
Let n(r) be the first derivative of -r**3/3 - 2*r**2 - 3*r - 8. Calculate n(-6).
-15
Let d(r) = -r**2 + 1. Let i = -8 + 13. Suppose 3 = -i*y - 2. Calculate d(y).
0
Let b(r) be the first derivative of -r**3/3 + 5*r**2/2 + 5*r - 17. Determine b(6).
-1
Let h(w) = 5*w**2 - 4*w**2 + 2*w**2 - 4 + w - 2*w**2. Determine h(3).
8
Let f = 16 + -10. Let o(d) = -d**3 + 6*d**2 + d - 1. Let u be o(f). Let t(m) = -m**2 + 4*m + 3. Determine t(u).
-2
Let k(p) = -7*p**2 + 39*p - 2. Let i(z) = 4*z**2 - 20*z + 1. Let v(q) = 5*i(q) + 3*k(q). Let o be v(17). Let a(g) = -6*g**2 + g + 1. What is a(o)?
-6
Suppose 0*a = -2*a + 8. Let q(p) = p**2 - 3*p - 2. Let n be q(a). Let j(s) be the first derivative of -s**4/4 + s**3 + 2*s + 1. Give j(n).
6
Let v(i) = -3*i + 5*i - 2*i + 3*i. What is v(1)?
3
Let n(d) = -2 + 8 - 3*d + 3. Calculate n(7).
-12
Suppose 0 = -2*o + o. Let p(a) = 0*a**3 + 3 + 2*a**2 - a**2 - a**3 - 4 + a. Let d(l) = 7*l**3 - 6*l**2 - 5*l + 11. Let f(n) = -d(n) - 6*p(n). What is f(o)?
-5
Let m(k) = -15*k + 11. Let u(v) = 7*v - 5. Let a(t) = 4*m(t) + 9*u(t). Calculate a(-1).
-4
Let t(y) = 0*y**2 - y**2 - 6 - 4*y + 0*y**2. Let p = -25 - -43. Let j be 3/6 - p/4. Give t(j).
-6
Let n(t) be the first derivative of t**5/20 - t**4/12 - t**3/6 + 4*t**2 + 3*t - 3. Let w(c) be the first derivative of n(c). Determine w(0).
8
Let h be (-11)/5 + 3/15. Suppose 0 = -3*i + 8*i. Let x = i + h. Let a(l) = l**2 - 2*l - 1. Give a(x).
7
Let v(y) = -y**2 - y - 1. Let i(x) = 5*x**2 - x + 1. Let s(a) = -i(a) - 6*v(a). Give s(-6).
-1
Suppose 0*z = -5*z - 15. Let m = z - -5. Let a(t) = -4*t**2 - 2*t + 1 + t**2 + t**m + t**2. Calculate a(-3).
-2
Let w(c) = c**3 + 4*c**2 + c + 3. Suppose 0 = 2*q - 19 - 5. Suppose -3*o - q = -0*o. Calculate w(o).
-1
Let v(u) = 6*u + 3. Let f(r) = 17*r + 8. Let y(x) = 4*f(x) - 11*v(x). Suppose 4*m - 3*q + 4*q + 17 = 0, m = -q - 8. Calculate y(m).
-7
Let p(s) = -s**3 - 5*s**2 - 5*s - 4. Let f = -23 - -57. Let x = -22 + f. Suppose x = 4*w - 8*w. Give p(w).
-7
Let a(q) = 8*q - 1. Let y(j) = j**3 - 5*j**2 + 1. Let r be y(5). Calculate a(r).
7
Let g(p) = -p**3 + 9*p**2 + 10*p - 2. Let l be g(10). Let j(i) be the first derivative of -i**4/4 - 2*i**3/3 - 3*i**2/2 + 2. Determine j(l).
6
Let f(a) be the third derivative of a**4/8 - 2*a**3/3 - 13*a**2. Give f(-5).
-19
Let q(f) be the first derivative of -f**4/4 + 4*f**3/3 - 5*f**2/2 + 2*f + 12. Suppose 0 = -3*o + 4*o - 3. Give q(o).
-4
Let r(x) = 2*x**2 + 2*x - 1. Let u = -16 + 17. Let d be r(u). Let y(n) = n**2 - 4*n + 1. What is y(d)?
-2
Let f be (24 + -9)/((-6)/(-10)). Suppose 5*y + 37 = 2*k, 0 = -5*k - 0*y - y + f. Let n(s) = s**2 - 8*s + 9. What is n(k)?
-3
Let z be 0/1 + (-2)/1. Let g(k) = k**2 - k**3 - 2 + 3*k - 4 + 8. Calculate g(z).
8
Suppose -2*i - 1 = 2*x - 9, 3*i = 5*x - 20. Let p(w) = -w**3 + 9*w - 11. Let k(a) = -3*a**3 + 25*a - 33. Let h(y) = 4*k(y) - 11*p(y). What is h(i)?
-11
Let m(u) = u. Let s be m(-4). Let n(t) be the first derivative of t**3/3 + 3*t**2/2 - t - 1. Calculate n(s).
3
Let z(s) = 14*s - 6*s + 9 - 6*s. Calculate z(-6).
-3
Let r(b) = -b**3 + 4*b**2 - b + 2. Let a be (3 - 2)/((-3)/(-15)). Suppose a = 2*i - 1. Determine r(i).
8
Let u(a) be the first derivative of -a**3/3 + 3*a**2/2 + 7*a - 2. Determine u(5).
-3
Let g(o) = o**2 - o + 3. Let q be ((-12)/15)/(4/(-10)). Suppose -3*w + 8 = q, 5*n = -w + 2. Determine g(n).
3
Suppose -5*a = 4*p - 29, 2*p = -5*a + 3*p + 24. Suppose -15 = a*m - 2*m. Let v(f) be the second derivative of f**3/3 + 3*f**2 + f. What is v(m)?
-4
Let i(d) = -3*d**3 - 12*d**2 + 20*d + 10. Let s(n) = n**3 + 4*n**2 - 7*n - 3. Let m(v) = 3*i(v) + 8*s(v). Calculate m(-4).
-10
Let m(y) = -y**2 - 2*y + 1. Let z = -27 - -42. Let d be (1 - 0)/((-3)/z). Let o = d - -3. Determine m(o).
1
Let x(p) = p. Suppose 3 = -17*m + 18*m. Give x(m).
3
Let r(s) = -s + 1. Let k(z) = 2*z - 1. Let h(q) = 3*k(q) + 7*r(q). Let l(d) = -1. Let u(x) = -h(x) - 4*l(x). What is u(-5)?
-5
Let j(n) = -n**2 + n + 5. Suppose -6*a + 4*a - v = 3, -2*v = -2*a + 6. Determine j(a).
5
Let w = 3 - 4. Let c be (-2 - (-2 - w)) + 2. Let q(i) = -i**3. Let j(h) = -3*h**3 - h**2 + h. Let s(f) = j(f) - 2*q(f). What is s(c)?
-1
Let n(s) = 3*s**3 + 4*s - 1. Let q(l) = 4*l**3 + l**2 + 5*l - 1. Let h(b) = 3*n(b) - 2*q(b). Calculate h(3).
14
Suppose 6*p = p. Let n(a) = 2*a - 2 + p*a + 3 - a. What is n(-5)?
-4
Let g(f) = f**2 - 3*f - 3. Let y(l) = -l**3 + 7*l**2 - 7*l + 9. Let t be 0 + -3 + 11 + -2. Let n be y(t). Let m be 1/n - 22/(-6). What is g(m)?
1
Let d(k) = -10*k + 1. Let f be 4*(-4)/(-16)*-1. What is d(f)?
11
Suppose -4*t + 0*k + k - 22 = 0, 4*t = 4*k - 28. Let s(j) be the second derivative of -j**5/20 - 5*j**4/12 - 5*j**2/2 - 4*j. Determine s(t).
-5
Let j(y) = -2*y - 3. Suppose 4*p - 24 = -4*u, -u + 4*p + 19 = -7. Suppose 3*d + u = 1. Give j(d).
3
Let l(i) = i + 4 - 9 - 2*i**2 - 2 + 4*i. Give l(5).
-32
Let v(j) = -5*j - 3. Let l(q) = -3*q - 2. Let u be ((-12)/(-9))/((-1)/(-3)). Let i(w) = u*v(w) - 7*l(w). Give i(0).
2
Let t(c) = -c**2 + 5*c - 2. Let b = -63 + 65. Determine t(b).
4
Suppose 0 = 2*h + 3*h + 10. Let j be (-2)/8 - h/8. Let i(d) = d + j + 6 - 2. Calculate i(-4).
0
Let n(r) = r - 4. Let d(t) = -t**2 + 17. Let q be d(-7). Let g = -26 - q. Give n(g).
2
Let c(q) be the second derivative of 7*q**4/6 + q**3/6 + 14*q. Give c(-1).
13
Suppose 5*k = 4 + 6. Let v(o) = -k + 6 + o**2 + 52*o - 56*o. Determine v(4).
4
Let b(l) = l - 2. Let i be (-3)/9 - (-4)/3. Calculate b(i).
-1
Let f(l) be the second derivative of -1/2*l**3 + 1/12*l**4 - 2*l**2 - 3*l + 0. What is f(4)?
0
Suppose 3*q - 12 = q + 2*z, 2*z + 7 = -3*q. Let t(l) be the second derivative of 0*l**2 + 0 + l + 0*l**3 + 1/3*l**4. What is t(q)?
4
Let z(q) = q**2 - 7*q - 3. Let t be 196/42*(-3)/(-2). Calculate z(t).
-3
Suppose -3*p - 13 = -5*x, p - 3*p - 2 = 0. Let q be 12*x*(-4)/(-24). Let o(s) = 6*s - 1. Let n(t) = -5*t + 1. Let v(g) = 7*n(g) + 6*o(g). Calculate v(q).
5
Let k(t) = t**2 - t. Let f(w) = -w**3 - 3*w**2 + 6*w + 10. Let a be f(-4). Calculate k(a).
2
Let l(d) = 2*d**2 - 14*d - 1. Let q(x) = x**2 - 7*x - 1. Let n(v) = -3*l(v) + 7*q(v). Suppose 100*i - 90*i = 70. Calculate n(i).
-4
Let f(w) = -w**3 + 3*w - 2. Let v(u) = -4*u**3 - u + 1. Let r be v(1). Let g = 0 - r. Let l(p) = -p**2 + 5*p - 2. Let j be l(g). Give f(j).
-4
Let w(x) be the third derivative of -x**6/24 + x**5/30 - x**3/6 + 31*x**2. What is w(1)?
-4
Let d(y) = 0*y - 6*y + 17*y - 17*y**3 - 10*y. Determine d(1).
-16
Let k(w) = -w. Let b(j) = 4*j**2 + 0*j**2 - 6*j - 6*j**2 + j**2. Let f(h) = b(h) - 5*k(h). Let v(y) = -y**3 + 6*y**2